 by 6.
3
Calculate the remainder when 58 is divided by 1*(-10)/15 + (-152)/(-12).
10
Suppose -245 = -6*h + 25. Suppose h = -4*r + 13*r. What is the remainder when 24 is divided by r?
4
Let z = 27 + -13. Let v = -9 + z. Suppose 23 - 3 = 5*d - v*r, 0 = 5*d - 4*r - 18. Calculate the remainder when d is divided by 2.
0
Suppose -5*c - 8*c + 6253 = 0. Calculate the remainder when c is divided by 155.
16
Calculate the remainder when -1*(0/7 + -7 + -1162) is divided by 130.
129
Let g = 18 - 9. Calculate the remainder when (65/78)/((-2)/(-36)) is divided by g.
6
Let s(i) = 8*i**2 + 7*i + 12. Calculate the remainder when s(-5) is divided by 36.
33
Suppose n - 4*p = 24, -n = 2*n + 2*p - 30. Let t = 20 + n. Let w = t - 6. What is the remainder when w is divided by 7?
5
What is the remainder when (22044/231)/((-4)/(-14)) is divided by 68?
62
Suppose -28*q = -41*q + 624. What is the remainder when 167 is divided by q?
23
Let r = -12 - -30. Suppose 0*x + r = x + 2*f, -x + 18 = -2*f. Suppose 0 = -3*i + x + 15. What is the remainder when i is divided by 5?
1
Let a(z) = 15*z**3 - 7*z**2 - 4*z + 33. What is the remainder when a(5) is divided by 13?
10
Let k be 0/(-1) + (0 - 0). Suppose 3*u + k*u = -18. What is the remainder when ((-15)/6)/(u/36) is divided by 5?
0
Suppose 2*y - 116 = -2*k + 4*k, 111 = -2*k + 3*y. Calculate the remainder when 3/(-3) - (-5 + k) is divided by 23.
21
Let z(r) = 3*r - 3*r**2 + 5 + 0*r**2 + 0*r**2 - r**2 - r**3. Let v be z(-5). Suppose -v = -9*k + 4*k. Calculate the remainder when 5 is divided by k.
2
Let f = 806 + -728. What is the remainder when 386 is divided by f?
74
Suppose -53 = -2*g + 1. Calculate the remainder when 90 is divided by g.
9
Let k(m) = m. Let g be k(-4). Let i be (4/(-8))/(g/(-8)). Calculate the remainder when ((-60)/14)/(i/7) is divided by 11.
8
Let s(f) = -f**3 + f**2 - f + 3. Let t be s(0). Suppose 0*c = -t*c - 60. Let j = -10 - c. What is the remainder when 27 is divided by j?
7
Let f be (6/(-12))/(2/380). What is the remainder when (-13 + 12)*(f - 0) is divided by 24?
23
What is the remainder when 158 is divided by (40/(-6) + 6)*-57?
6
What is the remainder when (6 - 8) + 148 - (1 - 4) is divided by 15?
14
Suppose 5*k = b - 115, -11*k = b - 9*k - 87. What is the remainder when b is divided by 24?
23
Suppose -2*m - 3 = -5*m. Suppose 0 = -v - 0*t - 3*t + 15, 0 = -5*v - 5*t + 85. What is the remainder when (2/(-3))/m*-78 is divided by v?
16
Suppose -5*b = 3*f - 2, -2*f + 1 = 2*b + b. Let j(k) = k**2 + 5*k - 5. Let n be j(-5). Calculate the remainder when 7/b - (-5 - n) is divided by 2.
1
Let u = -58 + 15. Let y = u + 52. Calculate the remainder when y is divided by 6.
3
What is the remainder when 74 is divided by 6 + -5 + 13 + 6?
14
Suppose -k = 4*k - 10. Suppose 3*x - 77 = k*h, -8 = 2*x + 2*h - 56. Let j(c) = 16*c - 6. What is the remainder when j(5) is divided by x?
24
Let u = 74 - 48. Let q(b) = -8*b - 3. Calculate the remainder when q(-7) is divided by 6/15*5 + u.
25
Suppose 34*p - 33*p - 43 = 0. What is the remainder when p is divided by 25?
18
Suppose 5*k - 1193 + 453 = 0. What is the remainder when k is divided by 10?
8
Let t = 10 + 67. What is the remainder when 383 is divided by t?
75
Let z(d) = -2 + 0 + 4*d - 1 + d**2. Let b be z(-5). Suppose 3*s - 28 = b. Calculate the remainder when 19 is divided by s.
9
Suppose -2*b + 16 - 6 = -2*t, 2*b = 0. Let i = t + 12. Suppose 5*s - 62 = -m, 0 = 2*s + 3*m - 17 - 13. Calculate the remainder when s is divided by i.
5
Let j be 52/(-14) - 10/35. Calculate the remainder when 43 is divided by (-2)/j*(54 - 8).
20
Let i(z) = 5*z**2 - 25*z - 37. Let q(b) = 3*b**2 - 17*b - 25. Let f(n) = -5*i(n) + 8*q(n). What is the remainder when f(-3) is divided by 2?
1
Suppose -6*a - 2*b = -7*a - 3590, -4*a - b - 14342 = 0. Calculate the remainder when 40 is divided by 2/15 + a/(-330).
7
Let m = -183 - -245. Calculate the remainder when 247 is divided by m.
61
Let v = -1 - 7. Calculate the remainder when 18 + v/(-2) + 0 is divided by 8.
6
Suppose -38*y - 798 = -57*y. Suppose -2*s + p = -41, -s + 5 + 2 = -5*p. What is the remainder when y is divided by s?
20
Suppose -17 = -w + 4*t, 3*w - 2*t + 0*t - 21 = 0. Let m = w - -1. What is the remainder when 27 is divided by m?
3
Let r(a) = 26*a + 19. Let b be r(-4). Let w = -21 - b. Calculate the remainder when w is divided by 19.
7
Let k(s) = -1 - 1 - 5*s + 4 + 0. What is the remainder when 27 is divided by k(-1)?
6
Suppose 2*r + 9 - 15 = 0. Suppose r*l - 4*c + 11 = 4*l, -5*l + 103 = -4*c. What is the remainder when 36 is divided by l?
17
Suppose -131*u + 129*u = -4. Let b(r) = 4*r**3 - 2*r**2 - r + 2. What is the remainder when 43 is divided by b(u)?
19
Let v = 32 + 26. What is the remainder when v is divided by 27?
4
Suppose 5*q = 195 + 115. Suppose -265*i = -289*i + 384. Calculate the remainder when q is divided by i.
14
Suppose 0 = -6*q + 9 + 3. Suppose 0 = 4*a - 3*w - 49, -a = q*w - w - 14. What is the remainder when 23 is divided by a?
10
Let s(v) = -v**2 - 18*v - 25. What is the remainder when 736 is divided by s(-14)?
23
Suppose -z - 2*n = -5*n - 22, -z = n - 10. Calculate the remainder when 441 is divided by z.
12
Suppose -7*u + 12*u = -5. Calculate the remainder when 10 is divided by (6/10 - u) + (-6)/(-15).
0
Suppose -5*u + 4*t = -2*u + 5, 0 = 2*u - 5*t + 1. Calculate the remainder when 23 is divided by 3*10/(-18)*u.
3
Let g = -31 - -31. Suppose -2*c + 2*u + 6 = 0, -4*c + 8 = -g*c - 5*u. Calculate the remainder when 11 is divided by c.
4
Let m = -229 + 250. What is the remainder when 35 is divided by m?
14
Let u be -4*2/((-12)/(-8) - 2). Let p = u + -5. What is the remainder when p is divided by 6?
5
Let g(j) = j**3 - 13*j**2 + 5*j + 11. Let f = -7 - -20. Calculate the remainder when g(f) is divided by 20.
16
Let s = -8 + 16. Calculate the remainder when (-2)/((-4)/18)*(511 + -506) is divided by s.
5
Let h(v) = 20*v - 208. What is the remainder when 35 is divided by h(11)?
11
Let k = -1511 - -1668. What is the remainder when k is divided by 18?
13
Let h = -36 - -72. Let d = 4 + 15. Let u = 32 - d. What is the remainder when h is divided by u?
10
Suppose -12*w = -14*w + 10. Suppose 2 + 1 = 4*d - w*b, 2*b = -d + 17. Suppose -d*v + 30 = -4*v. Calculate the remainder when 17 is divided by v.
7
Suppose 10*z + 2 - 62 = 0. Let c(y) = y**3 - 10*y**2 + 26*y - 3. Calculate the remainder when 32 is divided by c(z).
5
Let d(r) = -10*r + 403. Calculate the remainder when 136 is divided by d(38).
21
Suppose -4*c = -m + 61, -3*c - 2*m = m + 42. Calculate the remainder when 38 is divided by (100/c)/((-2)/3).
8
Let t = 7 + -16. Let k(g) = 2*g**2 + 12*g + 18. What is the remainder when k(t) is divided by 15?
12
Suppose -2*z - 116 = -0*z. Suppose -110*y + 1820 = -19*y. Calculate the remainder when (z + 0)*(0 - 1) is divided by y.
18
Suppose -4*q = -2*l + 2 + 92, -2*l = -3*q - 99. What is the remainder when l is divided by 13?
5
Let z = 80 + -43. What is the remainder when z - 3*((-28)/(-12) - 3) is divided by 10?
9
Let j be (-45)/3*(-5)/(-3). Suppose -4*v + 10*v - 42 = 0. What is the remainder when -1 - -1 - -1 - j is divided by v?
5
Let q(y) = -3*y - 8. Let m be q(-6). Suppose 5*t - 6*t - m = 0. Calculate the remainder when 23 is divided by t + 12 + (10 - -1).
10
Let y = -56 + 60. Suppose 2*i - 40 = y. Calculate the remainder when i is divided by 6.
4
Suppose 0*d - 5*d = 270. Let g = d - -74. What is the remainder when g is divided by 14?
6
Let b be (2 + -4)*4/(-8). Let v be (b/(-2))/(18/(-72)). Suppose v*k - 36 - 79 = -5*n, -2*k + 2*n = -80. What is the remainder when k is divided by 24?
21
Let o = -4 + 8. Suppose -o*s = -7*s + 123. Let b = -27 + s. Calculate the remainder when 55 is divided by b.
13
Suppose 0 = 8*c - 7*c + 4*y + 5, 5*y + 7 = -c. Calculate the remainder when 26 is divided by 3/(c/28)*(-3)/(-6).
12
Let v(d) = -4*d**2 - 14*d + 4. Calculate the remainder when 16 is divided by v(-3).
6
Suppose 67*h - 63*h = 52. What is the remainder when 180 is divided by h?
11
Suppose 28*a - 1150 = 5*a. What is the remainder when a is divided by 17?
16
Let j(w) = w**2 - 2*w + 173. Let k be j(0). Let o = k + -78. Suppose -5 = -p + 19. What is the remainder when o is divided by p?
23
Let z(p) = -3*p**2 + 40*p - 113. Calculate the remainder when 66 